{"version":"1.0","provider_name":"Gereons Keuken Thuis","provider_url":"https:\/\/gereonskeukenthuis.nl\/blog","author_name":"gereon de leeuw","author_url":"https:\/\/gereonskeukenthuis.nl\/blog\/author\/gereon-de-leeuw\/","title":"Gereons Mag, de groene editie. - Gereons Keuken Thuis","type":"rich","width":600,"height":338,"html":"<blockquote class=\"wp-embedded-content\" data-secret=\"eTqzlWtAv8\"><a href=\"https:\/\/gereonskeukenthuis.nl\/blog\/gereons-mag-de-groene-editie\/\">Gereons Mag, de groene editie.<\/a><\/blockquote><iframe sandbox=\"allow-scripts\" security=\"restricted\" src=\"https:\/\/gereonskeukenthuis.nl\/blog\/gereons-mag-de-groene-editie\/embed\/#?secret=eTqzlWtAv8\" width=\"600\" height=\"338\" title=\"&#8220;Gereons Mag, de groene editie.&#8221; &#8212; Gereons Keuken Thuis\" data-secret=\"eTqzlWtAv8\" frameborder=\"0\" marginwidth=\"0\" marginheight=\"0\" scrolling=\"no\" class=\"wp-embedded-content\"><\/iframe><script>\n\/*! This file is auto-generated *\/\n!function(d,l){\"use strict\";l.querySelector&&d.addEventListener&&\"undefined\"!=typeof URL&&(d.wp=d.wp||{},d.wp.receiveEmbedMessage||(d.wp.receiveEmbedMessage=function(e){var t=e.data;if((t||t.secret||t.message||t.value)&&!\/[^a-zA-Z0-9]\/.test(t.secret)){for(var s,r,n,a=l.querySelectorAll('iframe[data-secret=\"'+t.secret+'\"]'),o=l.querySelectorAll('blockquote[data-secret=\"'+t.secret+'\"]'),c=new RegExp(\"^https?:$\",\"i\"),i=0;i<o.length;i++)o[i].style.display=\"none\";for(i=0;i<a.length;i++)s=a[i],e.source===s.contentWindow&&(s.removeAttribute(\"style\"),\"height\"===t.message?(1e3<(r=parseInt(t.value,10))?r=1e3:~~r<200&&(r=200),s.height=r):\"link\"===t.message&&(r=new URL(s.getAttribute(\"src\")),n=new URL(t.value),c.test(n.protocol))&&n.host===r.host&&l.activeElement===s&&(d.top.location.href=t.value))}},d.addEventListener(\"message\",d.wp.receiveEmbedMessage,!1),l.addEventListener(\"DOMContentLoaded\",function(){for(var e,t,s=l.querySelectorAll(\"iframe.wp-embedded-content\"),r=0;r<s.length;r++)(t=(e=s[r]).getAttribute(\"data-secret\"))||(t=Math.random().toString(36).substring(2,12),e.src+=\"#?secret=\"+t,e.setAttribute(\"data-secret\",t)),e.contentWindow.postMessage({message:\"ready\",secret:t},\"*\")},!1)))}(window,document);\n\/\/# sourceURL=https:\/\/gereonskeukenthuis.nl\/blog\/wp-includes\/js\/wp-embed.min.js\n<\/script>\n","description":"Gereons Mag, de groene editie.\u00a0Het is eind februari en in Quarante hangt de lente al in de lucht. De lucht is blauw en de zon is warm. Het groen schiet uit de grond en GKT is druk doende zijn nieuwe Occitaanse keuken in te richten, voor nieuwe avonturen en gerechten. Het zijn de groene weken, met aandacht voor vega recepten van BLAUW en de boys van BOSH, een fijn tuinverhaal uit Amsterdam en een sprookje -is het echt allemaal gebeurd?- over een beest uit Loz\u00e8re, Slim tuinieren komt aan bod, de\u00a0 deelname van GKT aan I'm Possible Amsterdam en nieuwe kookboeken zoals OAK en Moro thuis. Deze twee boeken zet ik in het zonnetje tijdens de kunstmaand maart. Het Van Gogh Museum in Amsterdam bestaat vijftig jaar, mede dankzij de inzet en het geloof in Vincent van zijn familie. Het museum wijdt er een speciale tentoonstelling aan. We koken vegan. Bretonse aardappel\/pastinaaksoep, een recept dat ik vond in C\u00f4t\u00e9 OUEST magazine. Gereons Mag sluit af met een heerlijk recept van Anke uit Andalusi\u00eb. Het voorjaar kan wat Gereons Keuken Thuis betreft beginnen.\u00a0","thumbnail_url":"https:\/\/blogger.googleusercontent.com\/img\/b\/R29vZ2xl\/AVvXsEgKBGfRJw84qVeqLs3bns4vukecwlUbLvUEePWmiSO7P8Qvym9rgdxN0lzqbwv9UvGOL1J7uRB8pgkK3ygNqNjTlrqdogItyZHuWKVEBFoY8cfSuwUB9M1E2gnkjWYctlTf7pLrXd0kmLKDbsDGq8VU0ytUJenMRQIG9jqNst55wvLwYHgaatb1rcJKrA\/s320\/graudagde.jpg"}

Gereons Mag, de groene editie. Het is eind februari en in Quarante hangt de lente al in de lucht. De lucht is blauw en de zon is warm. Het groen schiet uit de grond en GKT is druk doende zijn nieuwe Occitaanse keuken in te richten, voor nieuwe avonturen en gerechten. Het zijn de groene weken, met aandacht voor vega recepten van BLAUW en de boys van BOSH, een fijn tuinverhaal uit Amsterdam en een sprookje -is het echt allemaal gebeurd?- over een beest uit Lozère, Slim tuinieren komt aan bod, de  deelname van GKT aan I'm Possible Amsterdam en nieuwe kookboeken zoals OAK en Moro thuis. Deze twee boeken zet ik in het zonnetje tijdens de kunstmaand maart. Het Van Gogh Museum in Amsterdam bestaat vijftig jaar, mede dankzij de inzet en het geloof in Vincent van zijn familie. Het museum wijdt er een speciale tentoonstelling aan. We koken vegan. Bretonse aardappel/pastinaaksoep, een recept dat ik vond in Côté OUEST magazine. Gereons Mag sluit af met een heerlijk recept van Anke uit Andalusië. Het voorjaar kan wat Gereons Keuken Thuis betreft beginnen.
